{"id":304,"date":"2018-01-29T09:20:04","date_gmt":"2018-01-29T09:20:04","guid":{"rendered":"http:\/\/medical.bold-themes.com\/clinic\/?page_id=304"},"modified":"2022-11-11T05:00:41","modified_gmt":"2022-11-11T05:00:41","slug":"services","status":"publish","type":"page","link":"https:\/\/demo.canhcam.com\/thiet-ke-website-benh-vien-1\/services\/","title":{"rendered":"D\u1ecbch v\u1ee5"},"content":{"rendered":"<section id=\"bt_section69e61025023ad\"  class=\"boldSection topSpaced bottomSpaced gutter inherit\" ><div class=\"port\"><div class=\"boldCell\"><div class=\"boldCellInner\"><div class=\"boldRow  \" ><div class=\"boldRowInner\"><div class=\"rowItem col-md-2  col-sm-4 col-ms-12 btTextLeft\"  ><div class=\"rowItemContent\" ><\/div><\/div><div class=\"rowItem col-md-8 col-ms-12 btTextCenter animate animate-fadein inherit\"  ><div class=\"rowItemContent\" ><div class=\"btClear btSeparator bottomSemiSpaced noBorder\" ><hr><\/div><header class=\"header btClear extralarge btDash topDash  btAccentDash\" ><div class=\"btSuperTitle\">CH\u1ea4T L\u01af\u1ee2NG T\u1ea0O UY T\u00cdN<\/div><div class=\"dash\"><h1><span class=\"headline\"><b class=\"animate\">D\u1ecbch v\u1ee5 t\u1ea1i<\/b><em>CanhcamCare<\/em><\/span><\/h1><\/div><div class=\"btSubTitle\">V\u1edbi c\u01a1 s\u1edf v\u1eadt ch\u1ea5t v\u00e0 trang thi\u1ebft b\u1ecb hi\u1ec7n \u0111\u1ea1i, \u0111\u00f4\u0300ng b\u00f4\u0323, \u0111\u1ea3m b\u1ea3o th\u1ef1c hi\u1ec7n \u0111\u01b0\u1ee3c nhi\u1ec1u k\u1ef9 thu\u1eadt chuy\u00ean s\u00e2u, kh\u00f3, ph\u1ee9c t\u1ea1p.<\/div><\/header><div class=\"btClear btSeparator bottomSemiSpaced noBorder\" ><hr><\/div><\/div><\/div><div class=\"rowItem col-md-2  col-sm-4 col-ms-12 btTextLeft\"  ><div class=\"rowItemContent\" ><\/div><\/div><\/div><\/div><div class=\"boldRow  \" ><div class=\"boldRowInner\"><div class=\"rowItem col-md-12 col-ms-12  btTextCenter inherit\"  ><div class=\"rowItemContent\" ><div class=\"bt_bb_masonry_portfolio_tiles bt_bb_grid_container bt_bb_columns_3 bt_bb_gap_small\" data-columns=\"3\"><div class=\"bt_bb_post_grid_loader\"><\/div><div class=\"bt_bb_masonry_post_grid_content bt_bb_grid_hide\" data-bt-nonce=\"cb160dd821\" data-number-portfolio=\"6\" data-format-portfolio=\"\" data-category-portfolio=\"services\"  data-post-type=\"portfolio\" data-show-portfolio=\"a%3A2%3A%7Bs%3A7%3A%22excerpt%22%3Bb%3A1%3Bs%3A5%3A%22title%22%3Bb%3A1%3B%7D\"><div class=\"bt_bb_grid_sizer\"><\/div><\/div><\/div><\/div><\/div><\/div><\/div><\/div><\/div><\/div><\/section>","protected":false},"excerpt":{"rendered":"<p>Ch\u00fang t\u00f4i s\u1ebd l\u1eafng nghe t\u00e2m t\u01b0 v\u00e0 nh\u1eefng lo l\u1eafng c\u1ee7a b\u1ea1n c\u0169ng nh\u01b0 nh\u1eefng tri\u1ec7u ch\u1ee9ng b\u1ea1n \u0111ang g\u1eb7p ph\u1ea3i. C\u1edfi m\u1edf v\u00e0 chia s\u1ebb r\u1ea5t quan tr\u1ecdng trong b\u01b0\u1edbc \u0111\u1ea7u x\u00e1c \u0111\u1ecbnh g\u1ed1c b\u1ec7nh.<\/p>\n","protected":false},"author":1,"featured_media":1666,"parent":0,"menu_order":0,"comment_status":"closed","ping_status":"closed","template":"","meta":[],"_links":{"self":[{"href":"https:\/\/demo.canhcam.com\/thiet-ke-website-benh-vien-1\/wp-json\/wp\/v2\/pages\/304"}],"collection":[{"href":"https:\/\/demo.canhcam.com\/thiet-ke-website-benh-vien-1\/wp-json\/wp\/v2\/pages"}],"about":[{"href":"https:\/\/demo.canhcam.com\/thiet-ke-website-benh-vien-1\/wp-json\/wp\/v2\/types\/page"}],"author":[{"embeddable":true,"href":"https:\/\/demo.canhcam.com\/thiet-ke-website-benh-vien-1\/wp-json\/wp\/v2\/users\/1"}],"replies":[{"embeddable":true,"href":"https:\/\/demo.canhcam.com\/thiet-ke-website-benh-vien-1\/wp-json\/wp\/v2\/comments?post=304"}],"version-history":[{"count":2,"href":"https:\/\/demo.canhcam.com\/thiet-ke-website-benh-vien-1\/wp-json\/wp\/v2\/pages\/304\/revisions"}],"predecessor-version":[{"id":2162,"href":"https:\/\/demo.canhcam.com\/thiet-ke-website-benh-vien-1\/wp-json\/wp\/v2\/pages\/304\/revisions\/2162"}],"wp:featuredmedia":[{"embeddable":true,"href":"https:\/\/demo.canhcam.com\/thiet-ke-website-benh-vien-1\/wp-json\/wp\/v2\/media\/1666"}],"wp:attachment":[{"href":"https:\/\/demo.canhcam.com\/thiet-ke-website-benh-vien-1\/wp-json\/wp\/v2\/media?parent=304"}],"curies":[{"name":"wp","href":"https:\/\/api.w.org\/{rel}","templated":true}]}}