{"id":50035,"date":"2017-04-06T16:24:08","date_gmt":"2017-04-06T16:24:08","guid":{"rendered":"https:\/\/the7.io\/main\/?post_type=product&#038;p=50035"},"modified":"2022-12-15T08:57:53","modified_gmt":"2022-12-15T08:57:53","slug":"organic-herbal-tee","status":"publish","type":"product","link":"https:\/\/demo.canhcam.com\/the7-main\/product\/organic-herbal-tee\/","title":{"rendered":"\u00c1o thun th\u1ea3o m\u1ed9c h\u1eefu c\u01a1"},"content":{"rendered":"<p>\u0110\u1ed3ng ph\u1ee5c \u00e1o thun l\u00e0 nh\u1eefng chi\u1ebfc \u00e1o \u0111\u01b0\u1ee3c may v\u1edbi ch\u1ea5t li\u1ec7u, m\u00e0u s\u1eafc, ki\u1ec3u d\u00e1ng ho\u00e0n to\u00e0n gi\u1ed1ng nhau. C\u00e1c nh\u00e2n vi\u00ean trong c\u00f4ng ty s\u1ebd m\u1eb7c trong gi\u1edd l\u00e0m vi\u1ec7c, \u0111i tham gia ho\u1ea1t \u0111\u1ed9ng do c\u00f4ng ty t\u1ed5 ch\u1ee9c nh\u01b0 du l\u1ecbch h\u00e0ng n\u0103m, team buiding\u2026.<\/p>\n<p>\u2013 Ngo\u00e0i ra \u00e1o thun \u0111\u1ed3ng ph\u1ee5c c\u00f3 c\u1ed5 c\u00f2n r\u1ea5t d\u1ec5 ph\u1ed1i \u0111\u1ed3 v\u00e0 kh\u00f4ng k\u00e9n v\u1ec1 v\u00f3c d\u00e1ng ng\u01b0\u1eddi d\u00f9ng n\u00ean \u0111\u01b0\u1ee3c r\u1ea5t nhi\u1ec1u doanh nghi\u1ec7p ch\u1ecdn l\u00e0m \u00e1o thun \u0111\u1ed3ng ph\u1ee5c cho c\u00f4ng ty m\u00ecnh.<\/p>\n<p>+ \u01afu \u0110i\u1ec3m: L\u00e0 lo\u1ea1i v\u1ea3i Cao C\u1ea5p m\u1ec1m m\u1ecbn, h\u00fat \u1ea9m, th\u1ea5m m\u1ed3 h\u00f4i, \u00edt \u0111\u1ed5 l\u00f4ng, gi\u1ea3m nhi\u1ec7t r\u1ea5t t\u1ed1t n\u00ean mang l\u1ea1i s\u1ef1 tho\u1ea3i m\u00e1i, tho\u00e1ng m\u00e1t cho ng\u01b0\u1eddi m\u1eb7c. R\u1ea5t th\u00edch h\u1ee3p \u0111\u1ec3 may \u0111\u1ed3ng ph\u1ee5c cho nh\u1eefng nh\u00e2n vi\u00ean th\u01b0\u1eddng ph\u1ea3i ho\u1ea1t \u0111\u1ed9ng m\u1ea1nh hay l\u00e0m\u00a0 ngo\u00e0i tr\u1eddi.<\/p>\n<p>B\u00ean c\u1ea1nh \u0111\u00f3 chi ph\u00ed \u0111\u1ec3 \u0111\u1eb7t may l\u1ea1i kh\u00f4ng qu\u00e1 cao n\u00ean \u00e1o thun \u0111\u1ed3ng ph\u1ee5c c\u00f3 c\u1ed5 \u0111\u01b0\u1ee3c xem l\u00e0 m\u1ed9t s\u1ef1 l\u1ef1a ch\u1ecdn ho\u00e0n h\u1ea3o cho doanh nghi\u1ec7p.<\/p>\n","protected":false},"excerpt":{"rendered":"<p>Phasellus vehicula lectus sed odio vehicul euismod consequat, lectus augue vehicula odio neque.Suscipit purus vitae, hendrerit tortor. Sed lobortis tempor venenatis. Mauris eu rhoncus nulla, vitae laoreet est.<\/p>\n","protected":false},"featured_media":50037,"comment_status":"open","ping_status":"closed","template":"","meta":[],"product_cat":[469],"product_tag":[480,482,375,472],"class_list":["post-50035","product","type-product","status-publish","has-post-thumbnail","hentry","product_cat-food","product_tag-food","product_tag-herbal","product_tag-tee","product_tag-organic","description-off"],"_links":{"self":[{"href":"https:\/\/demo.canhcam.com\/the7-main\/wp-json\/wp\/v2\/product\/50035","targetHints":{"allow":["GET"]}}],"collection":[{"href":"https:\/\/demo.canhcam.com\/the7-main\/wp-json\/wp\/v2\/product"}],"about":[{"href":"https:\/\/demo.canhcam.com\/the7-main\/wp-json\/wp\/v2\/types\/product"}],"replies":[{"embeddable":true,"href":"https:\/\/demo.canhcam.com\/the7-main\/wp-json\/wp\/v2\/comments?post=50035"}],"wp:featuredmedia":[{"embeddable":true,"href":"https:\/\/demo.canhcam.com\/the7-main\/wp-json\/wp\/v2\/media\/50037"}],"wp:attachment":[{"href":"https:\/\/demo.canhcam.com\/the7-main\/wp-json\/wp\/v2\/media?parent=50035"}],"wp:term":[{"taxonomy":"product_cat","embeddable":true,"href":"https:\/\/demo.canhcam.com\/the7-main\/wp-json\/wp\/v2\/product_cat?post=50035"},{"taxonomy":"product_tag","embeddable":true,"href":"https:\/\/demo.canhcam.com\/the7-main\/wp-json\/wp\/v2\/product_tag?post=50035"}],"curies":[{"name":"wp","href":"https:\/\/api.w.org\/{rel}","templated":true}]}}